What is the greatest common factor of 50 and p?
10
Suppose 106*p = 73*p + 4455. Calculate the greatest common divisor of 555 and p.
15
Let b = -8728 + 9007. Calculate the greatest common divisor of 315 and b.
9
Suppose -5*v = 4*w - 445 - 64, -5*v - 5*w = -510. Suppose 213 = 2*k - v. Let x = 247 - k. Calculate the greatest common factor of x and 18.
18
Let i = 24679 + -11834. What is the highest common divisor of i and 140?
35
Let i = 91 + 42. Let t be i/3 + 32/(-96). What is the highest common divisor of t and 308?
44
Suppose 0 = 9*q - 4*q - 390. Let o be (-4)/22 - 9/((-594)/12). Suppose o = -7*d + 100 + 628. Calculate the highest common factor of q and d.
26
Let r be ((-320)/(-128) - (-4)/(-8))*(-12450)/(-4). What is the highest common divisor of 300 and r?
75
Let j = -8381 - -9256. What is the greatest common factor of j and 75?
25
Let z(i) = 9*i - 114. Let g(p) = 3*p - 38. Let t(o) = 8*g(o) - 3*z(o). Let a be t(-15). Let c = 137 - a. What is the greatest common factor of 18 and c?
18
Let l = -3 - -12. Suppose -2*k + 23 = -l. Suppose 2*s - 152 = -2*h, 151*h + s = 154*h - 244. Calculate the highest common factor of k and h.
16
Suppose 0 = -5*k - 5, 5099 = 3*g + 17*k - 22*k. Calculate the highest common factor of 18 and g.
6
Let v be (-66 + 53)/(56/(-112)). Suppose 1 = -j - 2. Let p be (-548)/j - 4/6. What is the highest common factor of p and v?
26
Suppose -z + 1342 = 2*i, 4*z - 1370 = 3*z + 5*i. Suppose z = 5*v + t - 473, -v = -2*t - 358. What is the highest common divisor of 84 and v?
28
Let w be (75/25)/(0 + -1). Let h = w + -3. Let q be 119/(h/4 + 2). Calculate the highest common divisor of 34 and q.
34
Suppose 2830 + 4872 = 599*h + 2311. Calculate the greatest common divisor of h and 41067.
9
Suppose -2*x + 3*i + 133 = 0, 30*x + 4*i = 25*x + 390. What is the greatest common divisor of x and 74?
74
Let b(g) = -6*g - 51. Let x be b(-7). Let j be 0 + 22 - (x - -7). Suppose -j*u + 27*u = 357. What is the greatest common factor of u and 17?
17
Let r = -162 - -282. Suppose 5*m - 2*z = r, -m + 0*z + 24 = 5*z. Suppose -2*f = -5*f + m. Calculate the greatest common divisor of 48 and f.
8
Let a(n) = -n**3 - 16*n**2 - 9*n - 18. Let s = 102 + -118. Let f be a(s). Suppose 2*l = -2*l + 72. Calculate the highest common factor of f and l.
18
Let f be ((-90)/21)/((-65)/6370). What is the greatest common factor of f and 225?
15
Suppose 19*y + 5130 = -11*y + 45*y. Calculate the greatest common divisor of y and 360.
18
Let j be ((-165)/(-10))/(-11)*(-80 + 42). What is the highest common divisor of 13053 and j?
57
Let s(i) = -1098*i + 4393. Let t be s(4). Calculate the greatest common factor of 1268 and t.
1
Let d(w) = w**3 + 8*w**2 + 2*w + 28. Let q = -376 + 370. Let n be d(q). Calculate the highest common divisor of 24 and n.
8
Suppose 0 = a - 4*z - 1413, -29*z + 24*z = 5*a - 7065. Calculate the highest common factor of a and 117.
9
Let c be ((396/(-20))/(-11))/(7 - 908/130). Let s be 156/((-1)/(1 + -2)). What is the greatest common divisor of c and s?
39
Suppose 0 = -3*r + 5*a + 325, 13*r = 10*r - a + 313. Suppose 101*s = r*s - 120. Calculate the greatest common factor of s and 480.
30
Suppose -111*n + 8883 + 2623 = 1516. Calculate the highest common factor of n and 81.
9
Suppose -36*n - 8 = -37*n. Suppose -370 = 6*m - n*m. What is the greatest common divisor of m and 148?
37
Let w(u) = u**3 + 12*u**2 - 28*u + 14. Let p be w(-14). Let o = p - 4. Calculate the highest common factor of o and 6.
2
Let f = 8249 - 8204. What is the highest common divisor of f and 612?
9
Let o = 359 - 355. Let t be 4/(-10) - (-1101)/15. Suppose 4*u = b - 51 - t, o*b - 481 = u. Calculate the greatest common divisor of 15 and b.
15
Let q = 146 + -70. Suppose -q*o = -79*o + 30. Let k = -19 - -44. What is the highest common factor of o and k?
5
Suppose -31*h + 252300 = -19*h + 104*h. Calculate the highest common factor of 75 and h.
75
Let p be (-79 + -16)/(-19) + 11. Let u(v) = 5*v - 7. Let h be u(-6). Let k = h + 53. What is the greatest common divisor of k and p?
16
Let v(n) = n**3 + 4*n**2 + 7*n + 9. Let y be v(-2). Let m be 0 + (14/y - 4)*78. Let b be 4 + m + (5 - 5). What is the highest common factor of b and 42?
14
Suppose -8 = 9*s - 7*s. Let g be (s*1)/((-5)/(-2625)*-6). Calculate the greatest common divisor of 14 and g.
14
Let b(y) = -2*y**3 + 104*y**2 + 17*y + 189. Let v be b(52). What is the highest common factor of 609 and v?
29
Let t be ((1/7)/(3/(-72)))/(25/(-175)). Calculate the greatest common factor of 3288 and t.
24
Let s be 2/4*8 - -1*1. Let n be (-99)/((75/(-10))/s). What is the greatest common divisor of 12 and n?
6
Suppose -3*d = -4*d + 4, 5*k + 3*d = 857. Let g be (-2 + (-48)/(-30))*8245/(-34). Let c = k - g. What is the highest common factor of 18 and c?
18
Suppose -5*v + 155 = -5*n, 11*v - 287 - 64 = n. Calculate the greatest common factor of 2048 and v.
32
Let m = -34 + 36. Let d(c) = 6*c**2 + c - 4. Let v be d(m). What is the greatest common divisor of 110 and v?
22
Suppose -46*b = 30*b - 6156. What is the greatest common factor of b and 549?
9
Let f = -3828 + 3860. Let k(y) = 7*y**2 + 1. Let b be k(-1). What is the highest common divisor of b and f?
8
Suppose -5*h + 8*h = 11*h - 32208. What is the highest common divisor of h and 854?
122
Let p = -59 + 95. Let q = p - 17. Suppose 24*s = 96*s - 1694 - 1042. What is the highest common factor of s and q?
19
Let q(z) = z**3 + 7*z**2 - 11*z - 41. Let r be q(-8). Let w = -2 - r. What is the highest common divisor of w and 75?
15
Let n be 2/5 + (-984)/(-40). Let f = 76 + -131. Let u = f + 130. What is the greatest common factor of n and u?
25
Let z = 1977 - 1794. Calculate the greatest common factor of 244 and z.
61
Let a(u) = 29*u**2 - 182*u + 75. Let n be a(6). What is the highest common factor of n and 6534?
27
Suppose -5*u + 5 = 3*c, -9 = -u + 2*c + 5. Suppose -15 = -4*f + u*l - 7*l, 21 = 4*f + l. What is the highest common factor of 6 and f?
6
Let c = 6 + 36. Let u = 42 - c. Let z(k) = k**2 - 2*k + 24. Let m be z(u). Calculate the highest common divisor of m and 72.
24
Let r(h) = -8*h - 180. Let y be r(-23). Suppose 3*q - 624 = 3*f, y*q + f - 2*f - 829 = 0. What is the greatest common divisor of 36 and q?
9
Suppose -11*r - 14*r = -150. Let v be -11*(5 + -11)*r/4. Calculate the highest common factor of 18 and v.
9
Suppose 0 = -u - 34 + 221. Suppose 7*x = u - 159. Let t = -2 - -3. What is the highest common factor of t and x?
1
Let t = 53 + -56. Let y be -1 - (-1 + (-102 - t)). Let s(w) = 11*w**2 - 3*w + 1. Let n be s(1). What is the highest common divisor of n and y?
9
Suppose -48 = 3*o - 5*o. Suppose 0 = -21*u + 26*u. Let a be (u + -7 + -5)/((-6)/8). What is the highest common divisor of o and a?
8
Suppose -3*s - 28490 = -5*y, -3*y = y - 4*s - 22800. What is the highest common factor of y and 170?
85
Let g = 3569 + -3557. Calculate the highest common factor of g and 16.
4
Let r(c) = -35*c + 701. Let t be r(19). Calculate the greatest common factor of t and 27702.
18
Suppose -101*f + 122*f = 12663. Calculate the highest common divisor of 171 and f.
9
Let m(k) = 255*k - 968. Let b be m(4). Let v be 8109/12 + (-1)/(-4). Calculate the greatest common factor of b and v.
52
Suppose -9*p + 403 + 173 = 0. Let u = 681 - 457. Suppose u = 8*y - p. What is the greatest common divisor of 9 and y?
9
Let r = 1204 + -688. Let m = -416 + r. Calculate the greatest common factor of m and 75.
25
Let q(l) = 45*l + 198. Let c be q(-3). What is the greatest common divisor of 117 and c?
9
Let r = -8955 - -19155. Calculate the greatest common factor of r and 10.
10
Suppose -v + 3*x + x = -188, v - 3*x = 192. Suppose 3*y = 11*y + 3064. Let r = -366 - y. Calculate the greatest common factor of r and v.
17
Suppose -46*u + 16*u = -180. Let l be (64/6)/(u/63). Let m be 18 + (-1 - 3)/2. What is the highest common divisor of l and m?
16
Suppose -119 - 226 = 5*f. Let j be 4 - 0 - (3 + -9 - 66). Let v = j - f. What is the highest common factor of 29 and v?
29
Let t be (4/6)/((-343)/(-32928)). What is the highest common factor of 1336 and t?
8
Suppose -2*p + 4*a + 128 = 0, 1249*p - 61 = 1248*p - a. Suppose -2*x - 3*z + 130 = -0*x, -5*z = -x + 52. Calculate the highest common divisor of x and p.
62
Suppose 52 - 4 = -16*v. Let z be v*2/6 +